-2141. Suppose 0 = 7*s - m - 6407. Is s a prime number?
False
Let v = 119 + -108. Let r(q) = 7*q**2 - 10*q + 16. Is r(v) a prime number?
False
Let o(d) = d**3 + 16*d**2 + 9*d + 6. Let z(p) = -p. Let v(h) = -o(h) - 4*z(h). Is v(-16) composite?
True
Let w(k) = 5*k**2 - 2*k + 4111. Is w(0) composite?
False
Let h = 10 - 17. Let y be 68/h - (-6)/(-21). Let i(p) = 2*p**2 + p + 9. Is i(y) a composite number?
False
Suppose -2*b + 8 = -2*z, -2*b - b + 2*z + 15 = 0. Suppose b*l - 9003 = -218. Is l a prime number?
False
Let g(l) = 15*l - 41. Let b be g(3). Suppose -2*c = 4*d - 3*c - 581, -5 = 5*c. Suppose d = -b*q + 5*q. Is q prime?
False
Let b be -6*3*2/(-12). Is -467*b/(-9)*3 a prime number?
True
Let v = -11 + 16. Suppose 2*o - 18 = v*o. Let r = o - -68. Is r prime?
False
Suppose h - 5*i + 2*i + 37 = 0, i - 159 = 4*h. Suppose -168 - 138 = -3*r. Let w = r + h. Is w prime?
False
Suppose -f + 12 = -2*f. Let r(k) = k**2 + 13*k + 15. Let b be r(f). Suppose -4*c + b*a + 334 = 0, -5*c + 433 = -0*c + 4*a. Is c composite?
True
Suppose -12*p - 188 - 88 = 0. Let v(y) = 2*y**2 - 6*y - 27. Is v(p) a prime number?
False
Let l(v) = 30*v**2 + v + 44. Let w(h) = h**2 + 2*h + 1. Let c be w(2). Is l(c) prime?
False
Let v = 9 + -8. Let c be -12*3 - 1/v. Let z = 68 + c. Is z a prime number?
True
Is 1*(4/(-3))/(32/(-17736)) composite?
False
Suppose -5*y - 6884 = -c - 4*y, 4*y = -4*c + 27528. Is c composite?
False
Let s = 40704 - 24887. Is s composite?
False
Let j(w) = -24*w**3 - 3*w**2 - w - 7. Is j(-5) a composite number?
True
Let v(o) = o**2 - 13*o + 27. Let c be v(11). Is 525 - (1 - -2 - c) a prime number?
False
Let v = -666 - -1564. Is v a composite number?
True
Let g(s) = 22*s**3 - 2*s**2 - 3*s - 3. Is g(4) prime?
True
Let v(j) = -5*j - 40. Let t be v(-8). Suppose t = -4*h + 231 + 1277. Is h prime?
False
Is 235012/14 - ((-150)/(-42) + -4) a composite number?
False
Let g(q) = 10*q**2 + 19*q - 13. Let s be 4*(4/6)/(6/27). Is g(s) composite?
True
Suppose 2*a - 4 = 3*v - 19, -5*a = -v + 18. Suppose c - 276 = -v*c. Is c prime?
False
Suppose -4*m = -15378 - 19274. Is m composite?
False
Let g(b) = 15513*b**3 + 6*b**2 - 10*b + 13. Is g(2) composite?
False
Suppose -4*z = 6 - 2. Let o(y) = 65*y**3 + y**2 - y - 1. Let p be o(z). Let d = 146 + p. Is d prime?
False
Let d(m) = 17*m**2 - 40*m + 261. Is d(19) a prime number?
False
Let f(p) = -p**3 + 8*p**2 - 6*p - 4. Let c be f(7). Suppose 0 = 5*h - c*h + 464. Let r = h - -483. Is r a prime number?
True
Is (5 - (-77155)/(-10))*20/(-35) a prime number?
False
Suppose -5*g - 2*t + 4 = -72, -g + 26 = -5*t. Suppose 7*z = 3*z + g. Suppose z*f + c - 1053 = 0, -3*f + 7*f - 4*c = 1048. Is f composite?
False
Suppose -3*i + 19 - 10 = 0. Suppose i*r + r = 2*m + 520, -4*r - m = -514. Is r a prime number?
False
Is ((-8)/(-6))/(16/79188) prime?
True
Let p be ((-3)/3)/(-2)*-452. Let b = -105 - p. Suppose -4*v - b = -765. Is v a prime number?
False
Let r(u) be the first derivative of u**4/2 - 5*u**3/3 - 2*u**2 + u - 11. Is r(8) prime?
True
Is 2846*9/(-30)*-5 prime?
False
Let m(x) be the first derivative of -x**6/30 + x**4/24 + x**3/6 + 4*x**2 + 9. Let r(w) be the second derivative of m(w). Is r(-2) a prime number?
True
Suppose -20*b + 47606 = -3974. Is b composite?
False
Let w = 48437 - 30654. Is w a composite number?
False
Let q(y) = 217*y**2 - y + 6. Is q(-4) prime?
False
Let r = -22 + 8. Is (-4768)/r + 48/112 a prime number?
False
Let k(l) = -l**3 - 22*l**2 + 24*l + 27. Let i be k(-23). Is -2 - -1*(i - -329) a prime number?
True
Let y(x) = 5*x + 178. Let g be (-2)/4*0/(-1). Is y(g) composite?
True
Suppose 3*p + 14*m = 13*m + 27716, -3*m = -15. Is p a composite number?
True
Let a = -8 - -13. Suppose -3*q - a*r = -929 - 176, -4*r + 8 = 0. Is q composite?
True
Suppose 0 = r - 21 - 243. Let a = -358 + 237. Let c = a + r. Is c a prime number?
False
Is 3165 + (1 - (-3 - (-12)/2)) a prime number?
True
Let a(v) = 4*v**2 - 7. Suppose -5*r = -3*r - 8. Is a(r) prime?
False
Suppose p + p - 32 = 0. Let u = 19 - p. Is u + -1*(-175 + -1) a composite number?
False
Let f = -26 + 28. Suppose -2*q + f*r = -122, -2*r = q - 0*r - 55. Is q prime?
True
Suppose 2*l - 6654 - 7732 = 0. Is l prime?
True
Suppose 5*d - 20 = 3*d. Let l(a) = -2*a + 5. Let p be l(d). Let q = p + 28. Is q a composite number?
False
Suppose 4*z = -1210 + 4586. Suppose 5*v - z = v. Is v a prime number?
True
Let j be 175 - ((-2)/(-5))/((-1)/(-5)). Let k = j - -38. Is k prime?
True
Let t(m) = 7956*m - 685. Is t(3) a composite number?
True
Suppose -27*q + 31*q = 64516. Is q a composite number?
True
Let u(y) be the first derivative of 97*y**2/2 - 44*y - 22. Is u(7) a composite number?
True
Let n(l) = 202*l**2 - 3*l + 2. Let b be n(2). Let t be ((-4)/(-8))/1*b. Suppose 0 = -5*i + 5*q + 635, -q + 106 + t = 4*i. Is i a prime number?
True
Is (-7 - (-72)/16) + (-192111)/(-2) a composite number?
False
Suppose 39*r = 35*r + 48. Let b = 28 - 58. Is 614/r - (-5)/b a composite number?
True
Let j = 239 - 50. Suppose -5*u = -5*p + 175, -2*u + j = 6*p - p. Is 0 + (6 - 1)*p composite?
True
Suppose -2*u = -5*u. Suppose -3*g - s = -u - 1, -5*g = 2*s - 2. Is g - -3 - (-1 - 261) composite?
True
Let n(o) = o**3 - 12*o**2 + 9*o + 25. Let z be n(11). Let d(u) = -u**3 - 3*u**2 - 2*u + 2. Let r be d(-2). Suppose -r*a - 37 = -z*a. Is a composite?
False
Is (8 - 0)*91077/56 composite?
True
Suppose -2*m + 5*m - 18 = 3*i, -m = -3*i + 2. Let o = m - 10. Suppose 9*g - 5*g - 452 = o. Is g a prime number?
True
Let w = -4 - -9. Suppose -67*n = -68*n. Suppose 4*g = 3*y - 84 + 559, w*g - 3*y - 596 = n. Is g composite?
True
Let p be 3/(-5)*(2 + -7). Let y(d) = -2*d**2 + 6*d - 6. Let a be y(p). Is 8418/12 - (-3)/a a prime number?
True
Let i = 15 - 9. Suppose i*c = 8*c - 4. Suppose 36 = -c*d + 106. Is d prime?
False
Suppose 0 = 5*i + 286 - 1006. Let s be -1 + 1 - (-1 + i). Let c = s - -210. Is c composite?
False
Is (1 + 1)*(-90)/(-36) - -44994 prime?
False
Let i(f) be the first derivative of 0*f**2 + 131*f - 1/3*f**3 + 1. Is i(0) prime?
True
Suppose d - 31*m = -26*m + 14459, -d = m - 14459. Is d prime?
False
Is (23585/(-20))/(2/(-8)) a prime number?
False
Suppose 37*h + 3 = 38*h. Suppose -1081 = -h*a + 1586. Is a prime?
False
Let q = -10 - -15. Let k = 23 - q. Is 7365/k + (-2)/12 a composite number?
False
Is 18670 + 96/(-12) - 1 prime?
True
Is 627305/77 - (-1 - (-9)/11) prime?
True
Let z(c) = -c + 9*c**2 + c**3 + 0*c**2 - 1 + 3. Let k = 85 - 93. Is z(k) prime?
False
Suppose -m + 3*b = 3 + 3, -3*m - 10 = -5*b. Is (-2)/(-5) + m - 2393/(-5) a composite number?
False
Suppose 0 = 4*g + 2*j + 2134, 2*j - 303 = -2*g - 1373. Let r = g + 989. Is r composite?
False
Let o = -6409 + 14088. Is o prime?
False
Let k = -2335 + 4812. Is k a prime number?
True
Let j(p) = 5087*p**2 + p. Is j(-1) a composite number?
True
Is ((-2)/(-3))/((-154)/(-8878485)) prime?
False
Suppose 0 = 5*m + 2*v - 46, 3*m + 23 = 4*m + 5*v. Let q be 649 - m/(-20)*-5. Suppose -3*w - q = -5*r, -4*w = 2*r - 3*w - 250. Is r composite?
False
Let x be 78/24*(21 + -1). Suppose y = m - x, 4*m - 246 = -y + 24. Is m a prime number?
True
Suppose 4*m = 401 - 377. Let g = -27 + 65. Is (g/(-4))/((-3)/m) a prime number?
True
Let t(f) be the first derivative of 0*f - 1/4*f**4 - 7/2*f**2 - f**3 - 7. Is t(-5) prime?
False
Suppose -13*l + 4 = -11*l. Is 2*13/l*(-14 - -111) a prime number?
False
Let m(c) be the first derivative of 4*c**2 + 3*c - 6. Suppose 2*f = 2*b + 4, -3*b - 8 = -0*f - 4*f. Is m(f) a composite number?
False
Let q(c) = -c**2 - 11*c - 4. Let h be q(-5). Suppose -5*k + w = -4*k - 7, -h = -5*k - 4*w. Let n(x) = 3*x + 1. Is n(k) a prime number?
True
Let i(p) = -p**3 + p. Let w be i(0). Suppose w = s - 14 + 12. Suppose -4*k + 65 = 3*u, -2*u - s*k = -0*k - 44. Is u a prime number?
True
Let w(d) = d**2 + 8*d - 24. Let p be w(-9). Is 5/(p/(-1536)) - 3 a prime number?
True
Let y = -527 - -784. Suppose 2617 = 4*u + 249. Let f = u - y. Is f composite?
True
Suppose 2*n + 0*n - 8 = 0. Suppose -n*b + 16 = 0, -4*l - 4*b + 592 = -b. Is l a prime number?
False
Is ((-36424)/24)/(4/(-12)) composite?
True
Let p = 23394 - 5395. Is p a prime number?
False
Let v(l) = -15*l + 10. Let i be v(-14). Suppose 0 = -4*t - 24. Is i/(-6)*t/4 a prime number?
False
Let j(u) = -18*u**3 - 7*u**2 - 33*u - 3. Is j(-4) p